f 17220?
True
Is 42 a factor of 168?
True
Does 101 divide 115948?
True
Does 60 divide 360?
True
Is 44228 a multiple of 110?
False
Does 37 divide 1566?
False
Is 128 a factor of 4186?
False
Does 15 divide 165?
True
Is 8107 a multiple of 9?
False
Does 7 divide 24713?
False
Does 176 divide 10208?
True
Does 17 divide 1411?
True
Does 10 divide 10690?
True
Is 7548 a multiple of 12?
True
Is 4739 a multiple of 7?
True
Is 42 a factor of 1867?
False
Is 3 a factor of 120?
True
Is 120 a multiple of 32?
False
Is 5 a factor of 310?
True
Does 24 divide 606?
False
Is 15 a factor of 8497?
False
Does 71 divide 3352?
False
Is 108 a multiple of 18?
True
Does 10 divide 257?
False
Does 55 divide 1498?
False
Is 4 a factor of 3496?
True
Is 110 a factor of 65115?
False
Is 594 a multiple of 33?
True
Is 23 a factor of 10982?
False
Does 110 divide 24883?
False
Is 2 a factor of 333?
False
Does 18 divide 792?
True
Does 23 divide 362?
False
Is 3562 a multiple of 151?
False
Does 32 divide 1408?
True
Is 40 a multiple of 5?
True
Is 657 a multiple of 73?
True
Is 2 a factor of 850?
True
Does 23 divide 13877?
False
Is 5 a factor of 428?
False
Is 9 a factor of 1314?
True
Does 32 divide 5972?
False
Is 3 a factor of 1408?
False
Is 24 a factor of 4596?
False
Is 1254 a multiple of 38?
True
Does 117 divide 1008?
False
Does 65 divide 23500?
False
Is 24 a factor of 49195?
False
Does 12 divide 18013?
False
Is 115 a factor of 1610?
True
Is 35 a factor of 630?
True
Does 13 divide 18083?
True
Is 5198 a multiple of 29?
False
Is 2781 a multiple of 103?
True
Is 64 a multiple of 4?
True
Is 102 a factor of 1157?
False
Is 3 a factor of 306?
True
Is 42144 a multiple of 48?
True
Is 8 a factor of 2560?
True
Is 20 a factor of 7354?
False
Is 830 a multiple of 5?
True
Is 23 a factor of 40273?
True
Is 444 a multiple of 12?
True
Does 5 divide 10368?
False
Is 11294 a multiple of 149?
False
Is 187 a multiple of 11?
True
Is 17160 a multiple of 20?
True
Does 90 divide 20430?
True
Is 52 a factor of 5560?
False
Does 2 divide 208?
True
Is 536 a multiple of 14?
False
Is 3083 a multiple of 33?
False
Is 4 a factor of 9?
False
Is 2 a factor of 443?
False
Is 818 a multiple of 77?
False
Does 56 divide 2357?
False
Is 3850 a multiple of 55?
True
Does 2 divide 2435?
False
Is 25650 a multiple of 38?
True
Is 26 a factor of 26?
True
Does 6 divide 44256?
True
Does 7 divide 9051?
True
Is 14 a factor of 14720?
False
Is 7 a factor of 30461?
False
Does 29 divide 6380?
True
Does 17 divide 23987?
True
Is 12 a factor of 525?
False
Does 13 divide 611?
True
Is 44 a factor of 1496?
True
Is 267 a multiple of 54?
False
Is 8056 a multiple of 4?
True
Is 26 a factor of 8112?
True
Is 31 a factor of 434?
True
Is 13588 a multiple of 4?
True
Does 71 divide 568?
True
Is 110 a factor of 4374?
False
Does 46 divide 752?
False
Does 51 divide 1938?
True
Is 12 a factor of 824?
False
Does 5 divide 237?
False
Is 9628 a multiple of 16?
False
Does 97 divide 8342?
True
Is 10 a factor of 3370?
True
Is 931 a multiple of 133?
True
Is 10 a factor of 3130?
True
Is 76 a factor of 2812?
True
Does 56 divide 7616?
True
Is 3 a factor of 131?
False
Is 6 a multiple of 2?
True
Is 798 a multiple of 38?
True
Does 219 divide 11463?
False
Is 40 a factor of 366?
False
Does 54 divide 24326?
False
Is 40 a multiple of 40?
True
Is 2280 a multiple of 76?
True
Is 10 a factor of 6439?
False
Is 49 a factor of 588?
True
Is 21 a factor of 32340?
True
Is 95 a factor of 10811?
False
Does 26 divide 17562?
False
Is 6 a factor of 8757?
False
Does 7 divide 601?
False
Does 22 divide 17117?
False
Is 9 a factor of 4165?
False
Is 742 a multiple of 14?
True
Is 288 a multiple of 18?
True
Does 4 divide 4734?
False
Is 174925 a multiple of 26?
False
Is 1118 a multiple of 13?
True
Is 20309 a multiple of 23?
True
Is 103 a factor of 27501?
True
Does 4 divide 700?
True
Does 9 divide 7928?
False
Is 15 a factor of 1737?
False
Does 5 divide 2888?
False
Is 266 a multiple of 2?
True
Is 2146 a multiple of 37?
True
Is 2 a factor of 164?
True
Is 177 a multiple of 4?
False
Is 21 a factor of 924?
True
Is 58 a factor of 147?
False
Does 225 divide 900?
True
Does 28 divide 3752?
True
Is 18 a factor of 954?
True
Is 21 a factor of 1102?
False
Is 52501 a multiple of 52?
False
Is 10 a factor of 380?
True
Is 74927 a multiple of 42?
False
Is 72120 a multiple of 55?
False
Does 11 divide 336?
False
Does 4 divide 112?
True
Is 2406 a multiple of 3?
True
Is 23 a factor of 504?
False
Is 35 a factor of 167?
False
Is 3126 a multiple of 69?
False
Does 6 divide 96?
True
Does 100 divide 21294?
False
Is 3192 a multiple of 24?
True
Does 12 divide 546?
False
Does 15 divide 37475?
False
Does 11 divide 9701?
False
Is 26832 a multiple of 12?
True
Does 10 divide 6920?
True
Is 2023 a multiple of 17?
True
Is 32 a factor of 160?
True
Does 48 divide 3168?
True
Does 35 divide 1820?
True
Is 727 a multiple of 9?
False
Is 144 a multiple of 36?
True
Is 53 a factor of 3869?
True
Is 155 a multiple of 5?
True
Is 83 a factor of 9692?
False
Does 38 divide 995?
False
Is 2972 a multiple of 9?
False
Is 72 a factor of 1656?
True
Is 6 a factor of 695?
False
Is 2093 a multiple of 3?
False
Is 99278 a multiple of 214?
False
Is 1992 a multiple of 14?
False
Is 74 a factor of 5214?
False
Does 16 divide 3184?
True
Is 30 a factor of 34620?
True
Does 24 divide 1797?
False
Does 78 divide 50934?
True
Does 8 divide 4128?
True
Does 21 divide 1974?
True
Does 7 divide 2608?
False
Is 18 a factor of 1692?
True
Does 6 divide 13418?
False
Is 11 a factor of 3410?
True
Is 5 a factor of 9922?
False
Does 22 divide 15466?
True
Is 37 a factor of 6864?
False
Is 50 a factor of 13056?
False
Is 234 a multiple of 17?
False
Is 19 a factor of 16074?
True
Does 33 divide 3498?
True
Does 14 divide 18384?
False
Is 1728 a multiple of 25?
False
Is 5 a factor of 690?
True
Does 20 divide 560?
True
Is 1130 a multiple of 10?
True
Is 19 a factor of 12179?
True
Is 21 a factor of 52075?
False
Is 9 a factor of 117?
True
Is 140 a factor of 43520?
False
Does 103 divide 2678?
True
Is 21817 a multiple of 18?
False
Is 10170 a multiple of 10?
True
Does 34 divide 1394?
True
Is 720 a multiple of 36?
True
Is 1547 a multiple of 13?
True
Is 3 a factor of 533?
False
Is 54 a factor of 3124?
False
Is 19 a factor of 322?
False
Is 579 a multiple of 25?
False
Does 19 divide 190?
True
Does 13 divide 10114?
True
Is 1925 a multiple of 11?
True
Is 570 a multiple of 9?
False
Does 7 divide 539?
True
Is 4328 a multiple of 8?
True
Does 4 divide 15735?
False
Does 11 divide 44044?
True
Is 20 a factor of 452?
False
Is 16 a factor of 1206?
False
Is 9 a factor of 10487?
False
Does 17 divide 1751?
True
Is 4 a factor of 16?
True
Is 60 a multiple of 6?
True
Is 5 a factor of 19218?
False
Does 31 divide 869?
False
Is 59 a factor of 3233?
False
Is 143 a factor of 47905?
True
Is 774 a multiple of 3?
True
Is 99 a multiple of 11?
True
Does 14 divide 11290?
False
Is 50 a factor of 5350?
True
Is 28 a factor of 224?
True
Is 4031 a multiple of 32?
False
Is 1598 a multiple of 41?
False
Is 19384 a multiple of 27?
False
Is 21 a factor of 147?
True
Is 69 a factor of 2660?
False
Is 812 a multiple of 28?
True
Is 60 a factor of 2722?
False
Is 256 a multiple of 4?
True
Is 72 a factor of 37656?
True
Does 26 divide 3328?
True
Is 4 a factor of 41?
False
Is 45 a factor of 1924?
False
Does 35 divide 3080?
True
Is 79520 a multiple of 35?
True
Does 116 divide 3344?
False
Is 4 a factor of 369?
False
Is 12 a factor of 303?
False
Does 28 divide 9908?
False
Is 313 a multiple of 43?
False
Does 18 divide 26043?
False
Is 6763 a multiple of 11?
False
Is 3 a factor of 367?
False
Is 196 a multiple of 2?
True
Does 6 divide 343?
False
Does 14 divide 234?
False
Does 191 divide 18497?
False
Does 22 divide 40018?
True
Does 13 divide 39?
True
Does 305 divide 70150?
True
Is 15 a factor of 825?
True
Does 77 divide 1540?
True
Is 65 a factor of 40040?
True
Does 29 divide 87?
True
Does 17 divide 42?
False
Is 488 a multiple of 61?
True
Is 6486 a multiple of 46?
True
Does 10 divide 940?
True
Is 53 a multiple of 53?
True
Does 17 divide 19848?
False
Is 66143 a multiple of 12?
False
Does 149 divide 30843?
True
Is 130 a multiple of 11?
False
Is 6994 a multiple of 37?
False
Is 92568 a multiple of 133?
True
Is 273 a factor of 18564?
True
Is 8 a factor of 1673?
False
Does 18 divide 5